
{"id":3844,"date":"2020-10-05T09:30:03","date_gmt":"2020-10-05T07:30:03","guid":{"rendered":"https:\/\/przedszkole108.edu.wroclaw.pl\/?page_id=3844"},"modified":"2024-12-04T16:15:04","modified_gmt":"2024-12-04T15:15:04","slug":"pomoc-psychologiczno-pedagogiczna","status":"publish","type":"page","link":"https:\/\/przedszkole108.edu.wroclaw.pl\/index.php\/pomoc-psychologiczno-pedagogiczna\/","title":{"rendered":"Pomoc Psychologiczno-Pedagogiczna"},"content":{"rendered":"<div class=\"wpb-content-wrapper\"><p>[vc_row][vc_column][vc_column_text css=&#8221;&#8221;]<\/p>\n<p><span style=\"font-size: 16pt\"><a href=\"https:\/\/przedszkole108.edu.wroclaw.pl\/wp-content\/uploads\/sites\/35\/2023\/05\/artykul-dieta-dziecka.pdf\">Artyku\u0142 &#8211; dieta dziecka [pdf 73KB]<\/a><\/span><\/p>\n<p><span style=\"font-size: 16pt\"><a href=\"https:\/\/przedszkole108.edu.wroclaw.pl\/wp-content\/uploads\/sites\/35\/2023\/05\/artykul-motywacja.pdf\">Artyku\u0142 &#8211; motywacja [pdf 87KB]<\/a><\/span><\/p>\n<p><a href=\"https:\/\/przedszkole108.edu.wroclaw.pl\/wp-content\/uploads\/sites\/35\/2024\/04\/Wielkie-emocje-Malych-Ludzi.pdf\">Wielkie emocje Ma\u0142ych Ludzi<\/a>[\/vc_column_text][\/vc_column][\/vc_row][vc_row][vc_column][vc_empty_space][vc_empty_space][\/vc_column][\/vc_row]<\/p>\n<\/div>","protected":false},"excerpt":{"rendered":"<p>[vc_row][vc_column][vc_column_text css=&#8221;&#8221;] Artyku\u0142 &#8211; dieta dziecka [pdf 73KB] Artyku\u0142 &#8211; motywacja [pdf 87KB] Wielkie emocje Ma\u0142ych Ludzi[\/vc_column_text][\/vc_column][\/vc_row][vc_row][vc_column][vc_empty_space][vc_empty_space][\/vc_column][\/vc_row]<\/p>\n","protected":false},"author":72,"featured_media":0,"parent":0,"menu_order":0,"comment_status":"closed","ping_status":"closed","template":"","meta":{"ngg_post_thumbnail":0,"footnotes":""},"class_list":["post-3844","page","type-page","status-publish","hentry","clearfix"],"_links":{"self":[{"href":"https:\/\/przedszkole108.edu.wroclaw.pl\/index.php\/wp-json\/wp\/v2\/pages\/3844","targetHints":{"allow":["GET"]}}],"collection":[{"href":"https:\/\/przedszkole108.edu.wroclaw.pl\/index.php\/wp-json\/wp\/v2\/pages"}],"about":[{"href":"https:\/\/przedszkole108.edu.wroclaw.pl\/index.php\/wp-json\/wp\/v2\/types\/page"}],"author":[{"embeddable":true,"href":"https:\/\/przedszkole108.edu.wroclaw.pl\/index.php\/wp-json\/wp\/v2\/users\/72"}],"replies":[{"embeddable":true,"href":"https:\/\/przedszkole108.edu.wroclaw.pl\/index.php\/wp-json\/wp\/v2\/comments?post=3844"}],"version-history":[{"count":17,"href":"https:\/\/przedszkole108.edu.wroclaw.pl\/index.php\/wp-json\/wp\/v2\/pages\/3844\/revisions"}],"predecessor-version":[{"id":7781,"href":"https:\/\/przedszkole108.edu.wroclaw.pl\/index.php\/wp-json\/wp\/v2\/pages\/3844\/revisions\/7781"}],"wp:attachment":[{"href":"https:\/\/przedszkole108.edu.wroclaw.pl\/index.php\/wp-json\/wp\/v2\/media?parent=3844"}],"curies":[{"name":"wp","href":"https:\/\/api.w.org\/{rel}","templated":true}]}}

<div class="wpb-content-wrapper"><p>[vc_row][vc_column][vc_column_text css=&#8221;&#8221;]</p>
<p><span style="font-size: 16pt"><a href="https://przedszkole108.edu.wroclaw.pl/wp-content/uploads/sites/35/2023/05/artykul-dieta-dziecka.pdf">Artykuł &#8211; dieta dziecka [pdf 73KB]</a></span></p>
<p><span style="font-size: 16pt"><a href="https://przedszkole108.edu.wroclaw.pl/wp-content/uploads/sites/35/2023/05/artykul-motywacja.pdf">Artykuł &#8211; motywacja [pdf 87KB]</a></span></p>
<p><a href="https://przedszkole108.edu.wroclaw.pl/wp-content/uploads/sites/35/2024/04/Wielkie-emocje-Malych-Ludzi.pdf">Wielkie emocje Małych Ludzi</a>[/vc_column_text][/vc_column][/vc_row][vc_row][vc_column][vc_empty_space][vc_empty_space][/vc_column][/vc_row]</p>
</div>

<p>[vc_row][vc_column][vc_column_text css=&#8221;&#8221;] Artykuł &#8211; dieta dziecka [pdf 73KB] Artykuł &#8211; motywacja [pdf 87KB] Wielkie emocje Małych Ludzi[/vc_column_text][/vc_column][/vc_row][vc_row][vc_column][vc_empty_space][vc_empty_space][/vc_column][/vc_row]</p>
